 divided by a?
3
Suppose 25 = -2*j + 3*j. Calculate the remainder when 73 is divided by j.
23
Let a be (-15)/20 - 3/(-4). Suppose -5*y + 189 - 44 = a. Calculate the remainder when y is divided by 10.
9
Let p(r) = -13*r - 101. Let n = -5 + 11. What is the remainder when p(-9) is divided by n?
4
What is the remainder when 90 is divided by (-147)/(-6) + (-9)/6?
21
Let w = -79 - -105. What is the remainder when 103 is divided by w?
25
Let u(v) = v**3 + 8*v**2 + 2*v - 1. Let g(q) = -4*q**3 - 4*q**2 - 8*q - 3. What is the remainder when u(-4) is divided by g(-2)?
26
Suppose 0 = 5*l - 2*h + 16, 4*l + 0*h = 4*h - 8. Let g(j) = j**3 + 4*j**2 - 2*j + 2. What is the remainder when 17 is divided by g(l)?
7
Suppose 0 = 5*p - 62 + 22. Suppose v + 3 = 2*c - 0*c, 5*c = -2*v - 15. Let y = 4 + c. Calculate the remainder when p is divided by y.
2
Let u be 14/(-2) - 2/(-2). Let s(p) = -4*p - 4. What is the remainder when s(u) is divided by 11?
9
Suppose 0 = 5*r - 18 - 227. Let f = 36 - 23. Calculate the remainder when r is divided by f.
10
Suppose -5*x = -59 - 61. Calculate the remainder when 45 is divided by x.
21
Suppose 3*n + 67 = 4*l, 4*l = -3*n + 33 + 4. What is the remainder when (-376)/(-10) + 14/35 is divided by l?
12
Suppose 3*p = -13 + 37. Calculate the remainder when 13 is divided by p.
5
Let t(k) = 2*k - 8. Let v be t(4). Suppose -3*d + d + 4 = v. What is the remainder when d is divided by 1?
0
Let h(u) = -26*u + 1. Suppose 3*l + 6 = 5*v + 28, -2*l - 17 = 3*v. Let b be h(l). Suppose 3*s - 165 = -b. Calculate the remainder when s is divided by 16.
14
Let j = -14 + 60. Suppose -2*u = -2*q - 0*u + j, q + 5*u = 5. Calculate the remainder when 79 is divided by q.
19
Suppose -2*b - 2*d = -b - 20, -2*d = -3*b + 84. Calculate the remainder when 75 is divided by b.
23
Let s(z) = -12*z + 6. Let f be s(-8). Suppose 5*h + 12 = f. What is the remainder when h is divided by 7?
4
Let r = 2 - 0. Let h be 55 - (-2 + r/1). Calculate the remainder when 7 is divided by (-22)/h*2*-5.
3
Suppose -14 = -2*m + 6. Suppose -2*x + 51 = 3*c, c + 2 = 3*c. Let w = -6 + x. What is the remainder when w is divided by m?
8
Suppose -g = -o - 3 + 1, -25 = -5*g. Suppose o*b - 76 - 56 = 0. Suppose -3*y = -4*a + 49, 5*a - 15 = 3*y + b. Calculate the remainder when a is divided by 3.
1
Let h(k) = -k**3 - 6*k**2 - 7*k - 6. Let v = -19 + 34. Calculate the remainder when v is divided by h(-5).
3
Suppose -3 = c - 6. Let f = c - -2. Suppose -5*g + 14 = -6, -3*v + 59 = 5*g. What is the remainder when v is divided by f?
3
Let k(x) = 4*x**2 - 3*x - 2. Let f(p) = p**2 + 9*p - 19. Calculate the remainder when k(5) is divided by f(3).
15
Let n = 22 + 20. What is the remainder when n is divided by 18?
6
Suppose 51 = 3*x - 117. Calculate the remainder when x/3*(-15)/(-10) is divided by 10.
8
Suppose a - 54 = -2*a. Let l(o) = 4*o**2 - 4*o + 5. Calculate the remainder when l(4) is divided by a.
17
Let a = 33 - -6. What is the remainder when a is divided by 20?
19
What is the remainder when 39 is divided by (-5)/(2 - 10/4)?
9
Let m = 8 + 1. Let p = 37 - m. Calculate the remainder when p is divided by 10.
8
Let p = 7 - 2. Let r = 15 - p. What is the remainder when (-2)/5 + (-97)/(-5) is divided by r?
9
Let c(u) = u**3 - 2*u**2 - 3*u - 3. Let k be c(3). Suppose -30 + 12 = -3*v. Let y = v - k. What is the remainder when 16 is divided by y?
7
Let t be 920/9 + 4/(-18). Suppose -4*k = -k - t. Suppose 0 = 5*x - 0*x - 60. What is the remainder when k is divided by x?
10
Suppose -5*k - 11 = 2*b, 0*b - 2*k = -4*b + 38. What is the remainder when b is divided by 5?
2
Let c = -17 + 44. What is the remainder when 52 is divided by c?
25
Let z = -43 - -47. What is the remainder when z is divided by 2?
0
Let g(x) = 2*x - 7. Let f(d) = d. What is the remainder when g(7) is divided by f(3)?
1
Suppose -240 = -6*i + 2*i. Suppose i = 2*n + 5*l, -n + 0*n + 29 = 2*l. Calculate the remainder when 97 is divided by n.
22
What is the remainder when 16/6*522/24 is divided by 20?
18
What is the remainder when 5 is divided by -4*((0 - (-12)/8) + -2)?
1
Let b = 108 - 59. Suppose -o - 5*s - 2 = -4, 0 = 5*o + 5*s - 70. What is the remainder when b is divided by o?
15
Let n(o) = 2*o**3 + 4*o**2 - o + 1. Let v = -4 + 1. Let t be n(v). Calculate the remainder when 1 is divided by (-18)/t + 6/(-21).
0
Suppose -15 + 42 = r. Let w = -16 + r. What is the remainder when w is divided by 6?
5
Suppose 61 + 53 = 6*c. Let q be 1 + -1 + 3*1. Suppose q*h = -3*p + 36, 4*h - 2*h = -p + 19. What is the remainder when c is divided by h?
5
Suppose 7*r - 3*r = 288. Let h = -48 + r. Suppose -5*w = -2*d + h, 31 = -5*d - w + 118. What is the remainder when 49 is divided by d?
15
Suppose 4*z - 10 = -2*p, -1 = p + 2. Calculate the remainder when 9 is divided by (-2 - -3)*(z + 1).
4
Let f(d) = -4*d - 9. What is the remainder when f(-12) is divided by 10?
9
Let a = -62 + 122. Calculate the remainder when a is divided by 31.
29
Let t(b) = -2*b**3 + 2*b**2 - 3*b - 3. Suppose -111 = -2*l - 5. What is the remainder when l is divided by t(-2)?
26
Suppose -4*a + 5*q - 200 = -8*a, 0 = 5*a - 3*q - 250. Suppose -4*w + a = -66. Calculate the remainder when w is divided by 10.
9
What is the remainder when 130 is divided by (17/(-3))/((-8)/48)?
28
Let z = -2 + 4. Suppose 88 = 4*y + 20. Calculate the remainder when -2*(-1 - 49)/z is divided by y.
16
Let x = 63 - -9. Suppose z - x = -3*z. Calculate the remainder when 35 is divided by z.
17
Let z = -91 - -143. Suppose 0 = -2*g + 4*q, g = 2*g + q + 6. Calculate the remainder when z is divided by 146/8 - (-1)/g.
16
Suppose -578 = -6*r + 190. Calculate the remainder when r is divided by 44.
40
Suppose 196*b - 444 = 192*b. What is the remainder when b is divided by 23?
19
Suppose 2*h = -3*p - 4 + 45, 3*p = 4*h - 73. What is the remainder when 92 is divided by h?
16
Let m be (-1*9*-1)/1. Let j(q) = q - 5. What is the remainder when 13 is divided by j(m)?
1
Let w be 4 + (4 - (21 - -2)). Let l(d) = d**3 + 14*d**2 - 16*d - 1. What is the remainder when 25 is divided by l(w)?
11
Calculate the remainder when 353/13 + (-10)/65 is divided by 14.
13
Suppose -20 + 62 = 4*s + 2*u, -u = s - 11. Let m = s - 7. Suppose 12 = -4*h, -o + m*o - 31 = 5*h. Calculate the remainder when 23 is divided by o.
7
Let l = 2 + -2. Suppose l = -j + 4 - 2. Suppose -5*c + 155 = 3*q - 116, 0 = -j*c - q + 108. Calculate the remainder when c is divided by 18.
17
Let j(k) = 3*k - 12. What is the remainder when (2/(-3))/(1/(-15)) is divided by j(5)?
1
Suppose 3*z - 1 = -4*c, 3*c - 3*z - 32 = z. Suppose k - 2 - c = -4*q, -q - 2 = 2*k. What is the remainder when 2 is divided by q?
0
Let y be (-2)/5 - (-84)/10. Suppose 4 = q + y, 4*i = -2*q + 68. What is the remainder when i is divided by 7?
5
Suppose -2*w + 18 = 3*h - 20, -4*w = 2*h - 28. Calculate the remainder when 35 is divided by h.
11
Let p = 0 + 4. Calculate the remainder when p is divided by (4 + -6)*(-3)/2.
1
Let q = -118 + 236. What is the remainder when q is divided by 40?
38
What is the remainder when -3 + 4/4 - -8 is divided by 3?
0
Let y(g) = 6*g**2 + 2. Suppose -2*v + 4 = 16. Let r(t) = t + 4. Let o be r(v). Calculate the remainder when y(o) is divided by 9.
8
Suppose 4*o - 12 = -40. Let q = -2 - o. Suppose -q*h + 38 = 6*m - 3*m, 5*m = -h + 56. Calculate the remainder when m is divided by 4.
3
Suppose -3*n + 3*f - f = -54, -3*n - 3*f + 39 = 0. Calculate the remainder when 29 is divided by n.
13
Suppose -4*q = -q - 267. Suppose -4*f + 6*b - 3*b + 55 = 0, q = 5*f + 3*b. Calculate the remainder when f is divided by 9.
7
What is the remainder when (-9)/(-6)*(-78)/(-9) is divided by (-6)/27 - 65/(-9)?
6
Suppose -2*o = -3*o + 3. Suppose 3*m - 3*y - 54 = 0, -2*m - o*y + 63 = 2. Calculate the remainder when 90 is divided by m.
21
Let b be (-5 - -6)*1*-5. Let o = b - -4. What is the remainder when 0 + (1 + o - -2) is divided by 1?
0
Suppose -2*a = -4*q + 62, a - 51 = -3*q - 2*a. Calculate the remainder when 27 is divided by q.
11
Let t = 16 + -2. Let l = t + -3. Calculate the remainder when l is divided by 4.
3
Suppose 0 = 5*v - 34 - 81. Calculate the remainder when v is divided by 5.
3
Suppose 5*h - 6 = 64. Suppose 24 = -4*x + 92. Suppose 2*p = -i + x, -3*i + 11 = -2*p + 3*p. Calculate the remainder when h is div